{"version":"1.0","provider_name":"Estonian Philharmonic Chamber Choir","provider_url":"https:\/\/www.epcc.ee\/en\/","title":"\u00dclle Abner - Estonian Philharmonic Chamber Choir","type":"rich","width":600,"height":338,"html":"<blockquote class=\"wp-embedded-content\" data-secret=\"CjKfokuCwb\"><a href=\"https:\/\/www.epcc.ee\/en\/inimesed\/ulle-tuisk\/\">\u00dclle Abner<\/a><\/blockquote><iframe sandbox=\"allow-scripts\" security=\"restricted\" src=\"https:\/\/www.epcc.ee\/en\/inimesed\/ulle-tuisk\/embed\/#?secret=CjKfokuCwb\" width=\"600\" height=\"338\" title=\"&#8220;\u00dclle Abner&#8221; &#8212; Estonian Philharmonic Chamber Choir\" data-secret=\"CjKfokuCwb\" frameborder=\"0\" marginwidth=\"0\" marginheight=\"0\" scrolling=\"no\" class=\"wp-embedded-content\"><\/iframe><script type=\"text\/javascript\">\n\/* <![CDATA[ *\/\n\/*! This file is auto-generated *\/\n!function(d,l){\"use strict\";l.querySelector&&d.addEventListener&&\"undefined\"!=typeof URL&&(d.wp=d.wp||{},d.wp.receiveEmbedMessage||(d.wp.receiveEmbedMessage=function(e){var t=e.data;if((t||t.secret||t.message||t.value)&&!\/[^a-zA-Z0-9]\/.test(t.secret)){for(var s,r,n,a=l.querySelectorAll('iframe[data-secret=\"'+t.secret+'\"]'),o=l.querySelectorAll('blockquote[data-secret=\"'+t.secret+'\"]'),c=new RegExp(\"^https?:$\",\"i\"),i=0;i<o.length;i++)o[i].style.display=\"none\";for(i=0;i<a.length;i++)s=a[i],e.source===s.contentWindow&&(s.removeAttribute(\"style\"),\"height\"===t.message?(1e3<(r=parseInt(t.value,10))?r=1e3:~~r<200&&(r=200),s.height=r):\"link\"===t.message&&(r=new URL(s.getAttribute(\"src\")),n=new URL(t.value),c.test(n.protocol))&&n.host===r.host&&l.activeElement===s&&(d.top.location.href=t.value))}},d.addEventListener(\"message\",d.wp.receiveEmbedMessage,!1),l.addEventListener(\"DOMContentLoaded\",function(){for(var e,t,s=l.querySelectorAll(\"iframe.wp-embedded-content\"),r=0;r<s.length;r++)(t=(e=s[r]).getAttribute(\"data-secret\"))||(t=Math.random().toString(36).substring(2,12),e.src+=\"#?secret=\"+t,e.setAttribute(\"data-secret\",t)),e.contentWindow.postMessage({message:\"ready\",secret:t},\"*\")},!1)))}(window,document);\n\/* ]]> *\/\n<\/script>\n","description":"\u00dclle Abner (soprano) began her musical journey with violin studies at N\u00f5mme Music School in Tallinn, and progressed onto piano at the music school in P\u00e4rnu. During her studies at the \u00dclej\u00f5e School in P\u00e4rnu she sang in the choir there and attended singing classes under Urve Tauts. She continued her studies in conducting at [&hellip;]","thumbnail_url":"https:\/\/www.epcc.ee\/wp-content\/uploads\/2016\/11\/FILA-small-300-200x300.jpg"}

Ülle Abner - Estonian Philharmonic Chamber Choir

<blockquote class="wp-embedded-content" data-secret="CjKfokuCwb"><a href="https://www.epcc.ee/en/inimesed/ulle-tuisk/">Ülle Abner</a></blockquote><iframe sandbox="allow-scripts" security="restricted" src="https://www.epcc.ee/en/inimesed/ulle-tuisk/embed/#?secret=CjKfokuCwb" width="600" height="338" title="&#8220;Ülle Abner&#8221; &#8212; Estonian Philharmonic Chamber Choir" data-secret="CjKfokuCwb" frameborder="0" marginwidth="0" marginheight="0" scrolling="no" class="wp-embedded-content"></iframe><script type="text/javascript">
/* <![CDATA[ */
/*! This file is auto-generated */
!function(d,l){"use strict";l.querySelector&&d.addEventListener&&"undefined"!=typeof URL&&(d.wp=d.wp||{},d.wp.receiveEmbedMessage||(d.wp.receiveEmbedMessage=function(e){var t=e.data;if((t||t.secret||t.message||t.value)&&!/[^a-zA-Z0-9]/.test(t.secret)){for(var s,r,n,a=l.querySelectorAll('iframe[data-secret="'+t.secret+'"]'),o=l.querySelectorAll('blockquote[data-secret="'+t.secret+'"]'),c=new RegExp("^https?:$","i"),i=0;i<o.length;i++)o[i].style.display="none";for(i=0;i<a.length;i++)s=a[i],e.source===s.contentWindow&&(s.removeAttribute("style"),"height"===t.message?(1e3<(r=parseInt(t.value,10))?r=1e3:~~r<200&&(r=200),s.height=r):"link"===t.message&&(r=new URL(s.getAttribute("src")),n=new URL(t.value),c.test(n.protocol))&&n.host===r.host&&l.activeElement===s&&(d.top.location.href=t.value))}},d.addEventListener("message",d.wp.receiveEmbedMessage,!1),l.addEventListener("DOMContentLoaded",function(){for(var e,t,s=l.querySelectorAll("iframe.wp-embedded-content"),r=0;r<s.length;r++)(t=(e=s[r]).getAttribute("data-secret"))||(t=Math.random().toString(36).substring(2,12),e.src+="#?secret="+t,e.setAttribute("data-secret",t)),e.contentWindow.postMessage({message:"ready",secret:t},"*")},!1)))}(window,document);
/* ]]> */
</script>

Ülle Abner (soprano) began her musical journey with violin studies at Nõmme Music School in Tallinn, and progressed onto piano at the music school in Pärnu. During her studies at the Ülejõe School in Pärnu she sang in the choir there and attended singing classes under Urve Tauts. She continued her studies in conducting at [&hellip;]
