{"version":"1.0","provider_name":"Estonian Philharmonic Chamber Choir","provider_url":"https:\/\/www.epcc.ee\/en\/","title":"EPCC touring in Germany and Italy - Estonian Philharmonic Chamber Choir","type":"rich","width":600,"height":338,"html":"<blockquote class=\"wp-embedded-content\" data-secret=\"jKBHikU967\"><a href=\"https:\/\/www.epcc.ee\/en\/2015\/03\/epcc-touring-in-germany-and-italy\/\">EPCC touring in Germany and Italy<\/a><\/blockquote><iframe sandbox=\"allow-scripts\" security=\"restricted\" src=\"https:\/\/www.epcc.ee\/en\/2015\/03\/epcc-touring-in-germany-and-italy\/embed\/#?secret=jKBHikU967\" width=\"600\" height=\"338\" title=\"&#8220;EPCC touring in Germany and Italy&#8221; &#8212; Estonian Philharmonic Chamber Choir\" data-secret=\"jKBHikU967\" frameborder=\"0\" marginwidth=\"0\" marginheight=\"0\" scrolling=\"no\" class=\"wp-embedded-content\"><\/iframe><script type=\"text\/javascript\">\n\/* <![CDATA[ *\/\n\/*! This file is auto-generated *\/\n!function(d,l){\"use strict\";l.querySelector&&d.addEventListener&&\"undefined\"!=typeof URL&&(d.wp=d.wp||{},d.wp.receiveEmbedMessage||(d.wp.receiveEmbedMessage=function(e){var t=e.data;if((t||t.secret||t.message||t.value)&&!\/[^a-zA-Z0-9]\/.test(t.secret)){for(var s,r,n,a=l.querySelectorAll('iframe[data-secret=\"'+t.secret+'\"]'),o=l.querySelectorAll('blockquote[data-secret=\"'+t.secret+'\"]'),c=new RegExp(\"^https?:$\",\"i\"),i=0;i<o.length;i++)o[i].style.display=\"none\";for(i=0;i<a.length;i++)s=a[i],e.source===s.contentWindow&&(s.removeAttribute(\"style\"),\"height\"===t.message?(1e3<(r=parseInt(t.value,10))?r=1e3:~~r<200&&(r=200),s.height=r):\"link\"===t.message&&(r=new URL(s.getAttribute(\"src\")),n=new URL(t.value),c.test(n.protocol))&&n.host===r.host&&l.activeElement===s&&(d.top.location.href=t.value))}},d.addEventListener(\"message\",d.wp.receiveEmbedMessage,!1),l.addEventListener(\"DOMContentLoaded\",function(){for(var e,t,s=l.querySelectorAll(\"iframe.wp-embedded-content\"),r=0;r<s.length;r++)(t=(e=s[r]).getAttribute(\"data-secret\"))||(t=Math.random().toString(36).substring(2,12),e.src+=\"#?secret=\"+t,e.setAttribute(\"data-secret\",t)),e.contentWindow.postMessage({message:\"ready\",secret:t},\"*\")},!1)))}(window,document);\n\/* ]]> *\/\n<\/script>\n","description":"In March EPCC will have two tours, the first in Germany, the other in Italy.\u00a0From 25 to 27 March the choir gives concerts together with W\u00fcrttemberg Chamber Orchestra under Gottfried von der Goltz. The programme includes Erkki Sven T\u00fc\u00fcr\u2019s Flamma, Arvo P\u00e4rt\u2019s Adam&#8217;s Lament and Franz Joseph Haydn\u2019s Mass in D minor &#8220;Nelson Messe&#8221;. The [&hellip;]","thumbnail_url":"https:\/\/www.epcc.ee\/wp-content\/uploads\/2015\/05\/home_katlas.jpg","thumbnail_width":1920,"thumbnail_height":720}

In March EPCC will have two tours, the first in Germany, the other in Italy. From 25 to 27 March the choir gives concerts together with Württemberg Chamber Orchestra under Gottfried von der Goltz. The programme includes Erkki Sven Tüür’s Flamma, Arvo Pärt’s Adam&#8217;s Lament and Franz Joseph Haydn’s Mass in D minor &#8220;Nelson Messe&#8221;. The [&hellip;]
