{"version":"1.0","provider_name":"Estonian Philharmonic Chamber Choir","provider_url":"https:\/\/www.epcc.ee\/en\/","title":"Elfentanz im Riesenraum - Estonian Philharmonic Chamber Choir","type":"rich","width":600,"height":338,"html":"<blockquote class=\"wp-embedded-content\" data-secret=\"b4dk9s7LYM\"><a href=\"https:\/\/www.epcc.ee\/en\/2014\/07\/elfentanz-im-riesenraum\/\">Elfentanz im Riesenraum<\/a><\/blockquote><iframe sandbox=\"allow-scripts\" security=\"restricted\" src=\"https:\/\/www.epcc.ee\/en\/2014\/07\/elfentanz-im-riesenraum\/embed\/#?secret=b4dk9s7LYM\" width=\"600\" height=\"338\" title=\"&#8220;Elfentanz im Riesenraum&#8221; &#8212; Estonian Philharmonic Chamber Choir\" data-secret=\"b4dk9s7LYM\" frameborder=\"0\" marginwidth=\"0\" marginheight=\"0\" scrolling=\"no\" class=\"wp-embedded-content\"><\/iframe><script type=\"text\/javascript\">\n\/* <![CDATA[ *\/\n\/*! This file is auto-generated *\/\n!function(d,l){\"use strict\";l.querySelector&&d.addEventListener&&\"undefined\"!=typeof URL&&(d.wp=d.wp||{},d.wp.receiveEmbedMessage||(d.wp.receiveEmbedMessage=function(e){var t=e.data;if((t||t.secret||t.message||t.value)&&!\/[^a-zA-Z0-9]\/.test(t.secret)){for(var s,r,n,a=l.querySelectorAll('iframe[data-secret=\"'+t.secret+'\"]'),o=l.querySelectorAll('blockquote[data-secret=\"'+t.secret+'\"]'),c=new RegExp(\"^https?:$\",\"i\"),i=0;i<o.length;i++)o[i].style.display=\"none\";for(i=0;i<a.length;i++)s=a[i],e.source===s.contentWindow&&(s.removeAttribute(\"style\"),\"height\"===t.message?(1e3<(r=parseInt(t.value,10))?r=1e3:~~r<200&&(r=200),s.height=r):\"link\"===t.message&&(r=new URL(s.getAttribute(\"src\")),n=new URL(t.value),c.test(n.protocol))&&n.host===r.host&&l.activeElement===s&&(d.top.location.href=t.value))}},d.addEventListener(\"message\",d.wp.receiveEmbedMessage,!1),l.addEventListener(\"DOMContentLoaded\",function(){for(var e,t,s=l.querySelectorAll(\"iframe.wp-embedded-content\"),r=0;r<s.length;r++)(t=(e=s[r]).getAttribute(\"data-secret\"))||(t=Math.random().toString(36).substring(2,12),e.src+=\"#?secret=\"+t,e.setAttribute(\"data-secret\",t)),e.contentWindow.postMessage({message:\"ready\",secret:t},\"*\")},!1)))}(window,document);\n\/* ]]> *\/\n<\/script>\n","description":"Konzert \u2013 Gelungen und gef\u00e4hrdet: Ein Abend mit Mendelssohn er\u00f6ffnet das Rheingau-Musik-Festival Sch\u00f6ne Musik in schwierigem Umfeld \u2013 das hat das Auftaktkonzert des 27. Rheingau-Musik-Festivals am Samstag in der Eberbacher Klosterkirche geboten. KLOSTER EBERBACH. Endlich gehe es ein bisschen weiter im Alphabet, ist hier und dort unter den anderthalbtausend Besuchern zu h\u00f6ren. Also mal kein [&hellip;]","thumbnail_url":"https:\/\/www.epcc.ee\/wp-content\/uploads\/2015\/05\/home_katlas.jpg","thumbnail_width":1920,"thumbnail_height":720}

Konzert – Gelungen und gefährdet: Ein Abend mit Mendelssohn eröffnet das Rheingau-Musik-Festival Schöne Musik in schwierigem Umfeld – das hat das Auftaktkonzert des 27. Rheingau-Musik-Festivals am Samstag in der Eberbacher Klosterkirche geboten. KLOSTER EBERBACH. Endlich gehe es ein bisschen weiter im Alphabet, ist hier und dort unter den anderthalbtausend Besuchern zu hören. Also mal kein [&hellip;]
