{"version":"1.0","provider_name":"Estonian Philharmonic Chamber Choir","provider_url":"https:\/\/www.epcc.ee\/en\/","title":"Sibeliusta ei voi t\u00e4t\u00e4 hele\u00e4mmin laulaa - Estonian Philharmonic Chamber Choir","type":"rich","width":600,"height":338,"html":"<blockquote class=\"wp-embedded-content\" data-secret=\"uURbQG7yym\"><a href=\"https:\/\/www.epcc.ee\/en\/2014\/06\/sibeliusta-ei-voi-tata-heleammin-laulaa\/\">Sibeliusta ei voi t\u00e4t\u00e4 hele\u00e4mmin laulaa<\/a><\/blockquote><iframe sandbox=\"allow-scripts\" security=\"restricted\" src=\"https:\/\/www.epcc.ee\/en\/2014\/06\/sibeliusta-ei-voi-tata-heleammin-laulaa\/embed\/#?secret=uURbQG7yym\" width=\"600\" height=\"338\" title=\"&#8220;Sibeliusta ei voi t\u00e4t\u00e4 hele\u00e4mmin laulaa&#8221; &#8212; Estonian Philharmonic Chamber Choir\" data-secret=\"uURbQG7yym\" frameborder=\"0\" marginwidth=\"0\" marginheight=\"0\" scrolling=\"no\" class=\"wp-embedded-content\"><\/iframe><script type=\"text\/javascript\">\n\/* <![CDATA[ *\/\n\/*! This file is auto-generated *\/\n!function(d,l){\"use strict\";l.querySelector&&d.addEventListener&&\"undefined\"!=typeof URL&&(d.wp=d.wp||{},d.wp.receiveEmbedMessage||(d.wp.receiveEmbedMessage=function(e){var t=e.data;if((t||t.secret||t.message||t.value)&&!\/[^a-zA-Z0-9]\/.test(t.secret)){for(var s,r,n,a=l.querySelectorAll('iframe[data-secret=\"'+t.secret+'\"]'),o=l.querySelectorAll('blockquote[data-secret=\"'+t.secret+'\"]'),c=new RegExp(\"^https?:$\",\"i\"),i=0;i<o.length;i++)o[i].style.display=\"none\";for(i=0;i<a.length;i++)s=a[i],e.source===s.contentWindow&&(s.removeAttribute(\"style\"),\"height\"===t.message?(1e3<(r=parseInt(t.value,10))?r=1e3:~~r<200&&(r=200),s.height=r):\"link\"===t.message&&(r=new URL(s.getAttribute(\"src\")),n=new URL(t.value),c.test(n.protocol))&&n.host===r.host&&l.activeElement===s&&(d.top.location.href=t.value))}},d.addEventListener(\"message\",d.wp.receiveEmbedMessage,!1),l.addEventListener(\"DOMContentLoaded\",function(){for(var e,t,s=l.querySelectorAll(\"iframe.wp-embedded-content\"),r=0;r<s.length;r++)(t=(e=s[r]).getAttribute(\"data-secret\"))||(t=Math.random().toString(36).substring(2,12),e.src+=\"#?secret=\"+t,e.setAttribute(\"data-secret\",t)),e.contentWindow.postMessage({message:\"ready\",secret:t},\"*\")},!1)))}(window,document);\n\/* ]]> *\/\n<\/script>\n","description":"Vocalespoo. Viron Filharmoninen Kamarikuoro Espoon kulttuurikeskuksen Tapiolasalissa. Johtaja Heikki Sepp\u00e4nen. \u2013 Kreek, Sibelius. &nbsp; Virolainen kuoroguru\u00a0 T\u00f5nu Kaljuste perusti 1981 Viron Filharmonisen Kamarikuoron ja nosti sen kansainv\u00e4liselle huipulle. Levytyksill\u00e4\u00e4n kuoro on voittanut monia t\u00e4rkeit\u00e4 palkintoja. Kun virolaiskuoro esitti\u00a0 Heikki Sepp\u00e4sen johdolla\u00a0 Sibeliuksen rakkaita kuorolauluja, vaikutus oli syk\u00e4hdytt\u00e4v\u00e4. Eip\u00e4 niit\u00e4 voisi hele\u00e4mmin ja herkemmin, kauniimmin, eloisammin [&hellip;]","thumbnail_url":"https:\/\/www.epcc.ee\/wp-content\/uploads\/2015\/05\/home_katlas.jpg","thumbnail_width":1920,"thumbnail_height":720}

Sibeliusta ei voi tätä heleämmin laulaa - Estonian Philharmonic Chamber Choir

<blockquote class="wp-embedded-content" data-secret="uURbQG7yym"><a href="https://www.epcc.ee/en/2014/06/sibeliusta-ei-voi-tata-heleammin-laulaa/">Sibeliusta ei voi tätä heleämmin laulaa</a></blockquote><iframe sandbox="allow-scripts" security="restricted" src="https://www.epcc.ee/en/2014/06/sibeliusta-ei-voi-tata-heleammin-laulaa/embed/#?secret=uURbQG7yym" width="600" height="338" title="&#8220;Sibeliusta ei voi tätä heleämmin laulaa&#8221; &#8212; Estonian Philharmonic Chamber Choir" data-secret="uURbQG7yym" frameborder="0" marginwidth="0" marginheight="0" scrolling="no" class="wp-embedded-content"></iframe><script type="text/javascript">
/* <![CDATA[ */
/*! This file is auto-generated */
!function(d,l){"use strict";l.querySelector&&d.addEventListener&&"undefined"!=typeof URL&&(d.wp=d.wp||{},d.wp.receiveEmbedMessage||(d.wp.receiveEmbedMessage=function(e){var t=e.data;if((t||t.secret||t.message||t.value)&&!/[^a-zA-Z0-9]/.test(t.secret)){for(var s,r,n,a=l.querySelectorAll('iframe[data-secret="'+t.secret+'"]'),o=l.querySelectorAll('blockquote[data-secret="'+t.secret+'"]'),c=new RegExp("^https?:$","i"),i=0;i<o.length;i++)o[i].style.display="none";for(i=0;i<a.length;i++)s=a[i],e.source===s.contentWindow&&(s.removeAttribute("style"),"height"===t.message?(1e3<(r=parseInt(t.value,10))?r=1e3:~~r<200&&(r=200),s.height=r):"link"===t.message&&(r=new URL(s.getAttribute("src")),n=new URL(t.value),c.test(n.protocol))&&n.host===r.host&&l.activeElement===s&&(d.top.location.href=t.value))}},d.addEventListener("message",d.wp.receiveEmbedMessage,!1),l.addEventListener("DOMContentLoaded",function(){for(var e,t,s=l.querySelectorAll("iframe.wp-embedded-content"),r=0;r<s.length;r++)(t=(e=s[r]).getAttribute("data-secret"))||(t=Math.random().toString(36).substring(2,12),e.src+="#?secret="+t,e.setAttribute("data-secret",t)),e.contentWindow.postMessage({message:"ready",secret:t},"*")},!1)))}(window,document);
/* ]]> */
</script>

Vocalespoo. Viron Filharmoninen Kamarikuoro Espoon kulttuurikeskuksen Tapiolasalissa. Johtaja Heikki Seppänen. – Kreek, Sibelius. &nbsp; Virolainen kuoroguru  Tõnu Kaljuste perusti 1981 Viron Filharmonisen Kamarikuoron ja nosti sen kansainväliselle huipulle. Levytyksillään kuoro on voittanut monia tärkeitä palkintoja. Kun virolaiskuoro esitti  Heikki Seppäsen johdolla  Sibeliuksen rakkaita kuorolauluja, vaikutus oli sykähdyttävä. Eipä niitä voisi heleämmin ja herkemmin, kauniimmin, eloisammin [&hellip;]
